[INFO] cloning repository https://github.com/Volksfest/privateLeague
[INFO] running `Command { std: "git" "-c" "credential.helper=" "-c" "credential.helper=/workspace/cargo-home/bin/git-credential-null" "clone" "--bare" "https://github.com/Volksfest/privateLeague" "/workspace/cache/git-repos/https%3A%2F%2Fgithub.com%2FVolksfest%2FprivateLeague", kill_on_drop: false }`
[INFO] [stderr] Cloning into bare repository '/workspace/cache/git-repos/https%3A%2F%2Fgithub.com%2FVolksfest%2FprivateLeague'...
[INFO] running `Command { std: "git" "rev-parse" "HEAD", kill_on_drop: false }`
[INFO] [stdout] 8702abec28a29851fcf464008a5eaf0e78e1f164
[INFO] checking Volksfest/privateLeague against master#9610dfe5a9a731ced1ea4923ecbd0c57fe367898 for beta-170-4
[INFO] running `Command { std: "git" "clone" "/workspace/cache/git-repos/https%3A%2F%2Fgithub.com%2FVolksfest%2FprivateLeague" "/workspace/builds/worker-5-tc1/source", kill_on_drop: false }`
[INFO] [stderr] Cloning into '/workspace/builds/worker-5-tc1/source'...
[INFO] [stderr] done.
[INFO] validating manifest of git repo https://github.com/Volksfest/privateLeague on toolchain 9610dfe5a9a731ced1ea4923ecbd0c57fe367898
[INFO] running `Command { std: CARGO_HOME="/workspace/cargo-home" RUSTUP_HOME="/workspace/rustup-home" "/workspace/cargo-home/bin/cargo" "+9610dfe5a9a731ced1ea4923ecbd0c57fe367898" "metadata" "--manifest-path" "Cargo.toml" "--no-deps", kill_on_drop: false }`
[INFO] started tweaking git repo https://github.com/Volksfest/privateLeague
[INFO] finished tweaking git repo https://github.com/Volksfest/privateLeague
[INFO] tweaked toml for git repo https://github.com/Volksfest/privateLeague written to /workspace/builds/worker-5-tc1/source/Cargo.toml
[INFO] running `Command { std: CARGO_HOME="/workspace/cargo-home" RUSTUP_HOME="/workspace/rustup-home" __CARGO_TEST_CHANNEL_OVERRIDE_DO_NOT_USE_THIS="nightly" "/workspace/cargo-home/bin/cargo" "+9610dfe5a9a731ced1ea4923ecbd0c57fe367898" "generate-lockfile" "--manifest-path" "Cargo.toml" "-Zno-index-update", kill_on_drop: false }`
[INFO] running `Command { std: CARGO_HOME="/workspace/cargo-home" RUSTUP_HOME="/workspace/rustup-home" "/workspace/cargo-home/bin/cargo" "+9610dfe5a9a731ced1ea4923ecbd0c57fe367898" "fetch" "--manifest-path" "Cargo.toml", kill_on_drop: false }`
[INFO] [stderr]  Downloading crates ...
[INFO] [stderr]   Downloaded v_escape_derive v0.8.5
[INFO] [stderr]   Downloaded websocket-base v0.26.5
[INFO] [stderr]   Downloaded websocket v0.26.5
[INFO] running `Command { std: "docker" "create" "-v" "/var/lib/crater-agent-workspace/builds/worker-5-tc1/target:/opt/rustwide/target:rw,Z" "-v" "/var/lib/crater-agent-workspace/builds/worker-5-tc1/source:/opt/rustwide/workdir:ro,Z" "-v" "/var/lib/crater-agent-workspace/cargo-home:/opt/rustwide/cargo-home:ro,Z" "-v" "/var/lib/crater-agent-workspace/rustup-home:/opt/rustwide/rustup-home:ro,Z" "-e" "SOURCE_DIR=/opt/rustwide/workdir" "-e" "CARGO_TARGET_DIR=/opt/rustwide/target" "-e" "CARGO_HOME=/opt/rustwide/cargo-home" "-e" "RUSTUP_HOME=/opt/rustwide/rustup-home" "-w" "/opt/rustwide/workdir" "-m" "1610612736" "--user" "0:0" "--network" "none" "ghcr.io/rust-lang/crates-build-env/linux@sha256:19e73879b68f455e41552ea35293514db52ea292d993f571636dbffedb77a1ee" "/opt/rustwide/cargo-home/bin/cargo" "+9610dfe5a9a731ced1ea4923ecbd0c57fe367898" "metadata" "--no-deps" "--format-version=1", kill_on_drop: false }`
[INFO] [stdout] 54506c2ec384ba6e9204395f3f9cf2f9c3421a6b01988e2139e9aec596a0c72f
[INFO] running `Command { std: "docker" "start" "-a" "54506c2ec384ba6e9204395f3f9cf2f9c3421a6b01988e2139e9aec596a0c72f", kill_on_drop: false }`
[INFO] running `Command { std: "docker" "inspect" "54506c2ec384ba6e9204395f3f9cf2f9c3421a6b01988e2139e9aec596a0c72f", kill_on_drop: false }`
[INFO] running `Command { std: "docker" "rm" "-f" "54506c2ec384ba6e9204395f3f9cf2f9c3421a6b01988e2139e9aec596a0c72f", kill_on_drop: false }`
[INFO] [stdout] 54506c2ec384ba6e9204395f3f9cf2f9c3421a6b01988e2139e9aec596a0c72f
[INFO] running `Command { std: "docker" "create" "-v" "/var/lib/crater-agent-workspace/builds/worker-5-tc1/target:/opt/rustwide/target:rw,Z" "-v" "/var/lib/crater-agent-workspace/builds/worker-5-tc1/source:/opt/rustwide/workdir:ro,Z" "-v" "/var/lib/crater-agent-workspace/cargo-home:/opt/rustwide/cargo-home:ro,Z" "-v" "/var/lib/crater-agent-workspace/rustup-home:/opt/rustwide/rustup-home:ro,Z" "-e" "SOURCE_DIR=/opt/rustwide/workdir" "-e" "CARGO_TARGET_DIR=/opt/rustwide/target" "-e" "CARGO_INCREMENTAL=0" "-e" "RUST_BACKTRACE=full" "-e" "RUSTFLAGS=--cap-lints=forbid" "-e" "RUSTDOCFLAGS=--cap-lints=forbid" "-e" "CARGO_HOME=/opt/rustwide/cargo-home" "-e" "RUSTUP_HOME=/opt/rustwide/rustup-home" "-w" "/opt/rustwide/workdir" "-m" "1610612736" "--user" "0:0" "--network" "none" "ghcr.io/rust-lang/crates-build-env/linux@sha256:19e73879b68f455e41552ea35293514db52ea292d993f571636dbffedb77a1ee" "/opt/rustwide/cargo-home/bin/cargo" "+9610dfe5a9a731ced1ea4923ecbd0c57fe367898" "check" "--frozen" "--all" "--all-targets" "--message-format=json", kill_on_drop: false }`
[INFO] [stdout] 469d6fa5bffdc17d433e57c0821ec213fa9f23f5843097b3c53d2bf551739e95
[INFO] running `Command { std: "docker" "start" "-a" "469d6fa5bffdc17d433e57c0821ec213fa9f23f5843097b3c53d2bf551739e95", kill_on_drop: false }`
[INFO] [stderr]    Compiling libc v0.2.144
[INFO] [stderr]    Compiling proc-macro2 v1.0.59
[INFO] [stderr]    Compiling unicode-ident v1.0.9
[INFO] [stderr]    Compiling quote v1.0.28
[INFO] [stderr]    Compiling log v0.4.18
[INFO] [stderr]    Compiling syn v1.0.109
[INFO] [stderr]    Compiling memchr v2.5.0
[INFO] [stderr]    Compiling slab v0.4.8
[INFO] [stderr]    Compiling futures-core v0.3.28
[INFO] [stderr]     Checking futures-sink v0.3.28
[INFO] [stderr]    Compiling futures-channel v0.3.28
[INFO] [stderr]    Compiling futures-task v0.3.28
[INFO] [stderr]    Compiling futures-util v0.3.28
[INFO] [stderr]     Checking futures-io v0.3.28
[INFO] [stderr]     Checking tinyvec_macros v0.1.1
[INFO] [stderr]    Compiling typenum v1.16.0
[INFO] [stderr]     Checking tinyvec v1.6.0
[INFO] [stderr]     Checking smallvec v1.10.0
[INFO] [stderr]    Compiling lock_api v0.4.9
[INFO] [stderr]     Checking unicode-bidi v0.3.13
[INFO] [stderr]    Compiling parking_lot_core v0.8.6
[INFO] [stderr]    Compiling pin-project-internal v0.4.30
[INFO] [stderr]    Compiling syn v2.0.18
[INFO] [stderr]     Checking once_cell v1.17.2
[INFO] [stderr]    Compiling convert_case v0.4.0
[INFO] [stderr]     Checking matches v0.1.10
[INFO] [stderr]     Checking unicode-normalization v0.1.22
[INFO] [stderr]    Compiling version_check v0.1.5
[INFO] [stderr]    Compiling autocfg v0.1.8
[INFO] [stderr]     Checking percent-encoding v2.2.0
[INFO] [stderr]    Compiling cc v1.0.79
[INFO] [stderr]     Checking itoa v1.0.6
[INFO] [stderr]     Checking iovec v0.1.4
[INFO] [stderr]     Checking net2 v0.2.38
[INFO] [stderr]     Checking num_cpus v1.15.0
[INFO] [stderr]     Checking signal-hook-registry v1.4.1
[INFO] [stderr]     Checking threadpool v1.8.1
[INFO] [stderr]     Checking getrandom v0.1.16
[INFO] [stderr]    Compiling proc-macro-hack v0.5.20+deprecated
[INFO] [stderr]     Checking mio v0.6.23
[INFO] [stderr]    Compiling pkg-config v0.3.27
[INFO] [stderr]     Checking parking_lot v0.11.2
[INFO] [stderr]     Checking rand_core v0.5.1
[INFO] [stderr]     Checking form_urlencoded v1.1.0
[INFO] [stderr]    Compiling generic-array v0.14.7
[INFO] [stderr]    Compiling serde v1.0.163
[INFO] [stderr]     Checking futures v0.1.31
[INFO] [stderr]     Checking bytes v1.4.0
[INFO] [stderr]     Checking mio-uds v0.6.8
[INFO] [stderr]     Checking tokio v0.2.25
[INFO] [stderr]     Checking ppv-lite86 v0.2.17
[INFO] [stderr]    Compiling thiserror v1.0.40
[INFO] [stderr]     Checking either v1.8.1
[INFO] [stderr]    Compiling openssl-sys v0.9.88
[INFO] [stderr]    Compiling async-trait v0.1.68
[INFO] [stderr]     Checking rand_chacha v0.2.2
[INFO] [stderr]     Checking idna v0.3.0
[INFO] [stderr]    Compiling standback v0.2.17
[INFO] [stderr]    Compiling indexmap v1.9.3
[INFO] [stderr]    Compiling httparse v1.8.0
[INFO] [stderr]    Compiling heck v0.4.1
[INFO] [stderr]     Checking hostname v0.3.1
[INFO] [stderr]     Checking rand v0.7.3
[INFO] [stderr]     Checking url v2.3.1
[INFO] [stderr]     Checking http v0.2.9
[INFO] [stderr]     Checking idna v0.2.3
[INFO] [stderr]     Checking bytes v0.4.12
[INFO] [stderr]    Compiling parking_lot_core v0.6.3
[INFO] [stderr]     Checking rand_core v0.3.1
[INFO] [stderr]     Checking tracing-core v0.1.31
[INFO] [stderr]    Compiling unicase v2.6.0
[INFO] [stderr]    Compiling crossbeam-utils v0.7.2
[INFO] [stderr]     Checking linked-hash-map v0.5.6
[INFO] [stderr]     Checking alloc-no-stdlib v2.0.4
[INFO] [stderr]    Compiling crc32fast v1.3.2
[INFO] [stderr]     Checking lru-cache v0.1.2
[INFO] [stderr]     Checking alloc-stdlib v0.2.2
[INFO] [stderr]     Checking tracing v0.1.37
[INFO] [stderr]     Checking resolv-conf v0.7.0
[INFO] [stderr]     Checking tokio-io v0.1.13
[INFO] [stderr]     Checking smallvec v0.6.14
[INFO] [stderr]    Compiling nom v4.2.3
[INFO] [stderr]     Checking tokio-util v0.3.1
[INFO] [stderr]    Compiling parking_lot v0.9.0
[INFO] [stderr]     Checking aho-corasick v1.0.1
[INFO] [stderr]    Compiling cookie v0.14.4
[INFO] [stderr]     Checking regex-syntax v0.7.2
[INFO] [stderr]     Checking language-tags v0.2.2
[INFO] [stderr]     Checking ryu v1.0.13
[INFO] [stderr]     Checking adler v1.0.2
[INFO] [stderr]    Compiling serde_json v1.0.96
[INFO] [stderr]    Compiling openssl v0.10.53
[INFO] [stderr]     Checking miniz_oxide v0.7.1
[INFO] [stderr]     Checking brotli-decompressor v2.3.4
[INFO] [stderr]     Checking block-buffer v0.9.0
[INFO] [stderr]     Checking digest v0.9.0
[INFO] [stderr]     Checking generic-array v0.12.4
[INFO] [stderr]    Compiling rand_pcg v0.1.2
[INFO] [stderr]    Compiling rand_chacha v0.1.1
[INFO] [stderr]     Checking byte-tools v0.3.1
[INFO] [stderr]    Compiling native-tls v0.2.11
[INFO] [stderr]     Checking cpufeatures v0.2.7
[INFO] [stderr]     Checking mime v0.3.17
[INFO] [stderr]     Checking sha-1 v0.9.8
[INFO] [stderr]     Checking block-padding v0.1.5
[INFO] [stderr]     Checking brotli v3.3.4
[INFO] [stderr]     Checking tokio-executor v0.1.10
[INFO] [stderr]     Checking flate2 v1.0.26
[INFO] [stderr]     Checking tokio-sync v0.1.8
[INFO] [stderr]    Compiling futures-macro v0.3.28
[INFO] [stderr]    Compiling thiserror-impl v1.0.40
[INFO] [stderr]    Compiling serde_derive v1.0.163
[INFO] [stderr]    Compiling pin-project-internal v1.1.0
[INFO] [stderr]    Compiling openssl-macros v0.1.1
[INFO] [stderr]     Checking regex v1.8.3
[INFO] [stderr]    Compiling derive_more v0.99.17
[INFO] [stderr]    Compiling actix-macros v0.1.3
[INFO] [stderr]    Compiling time-macros-impl v0.1.2
[INFO] [stderr]    Compiling enum-as-inner v0.3.4
[INFO] [stderr]     Checking pin-project v1.1.0
[INFO] [stderr]     Checking tracing-futures v0.2.5
[INFO] [stderr]     Checking socket2 v0.3.19
[INFO] [stderr]     Checking time-macros v0.1.1
[INFO] [stderr]     Checking time v0.2.27
[INFO] [stderr]    Compiling unicase v1.4.2
[INFO] [stderr]    Compiling rand v0.6.5
[INFO] [stderr]     Checking encoding_rs v0.8.32
[INFO] [stderr]     Checking pin-project v0.4.30
[INFO] [stderr]     Checking itoa v0.4.8
[INFO] [stderr]     Checking actix-codec v0.3.0
[INFO] [stderr]    Compiling v_escape v0.15.0
[INFO] [stderr]     Checking base64 v0.13.1
[INFO] [stderr]    Compiling v_escape_derive v0.8.5
[INFO] [stderr]     Checking tokio-reactor v0.1.12
[INFO] [stderr]    Compiling mime_guess v2.0.4
[INFO] [stderr]     Checking block-buffer v0.7.3
[INFO] [stderr]     Checking digest v0.8.1
[INFO] [stderr]     Checking actix-service v1.0.6
[INFO] [stderr]     Checking futures v0.3.28
[INFO] [stderr]     Checking trust-dns-proto v0.19.7
[INFO] [stderr]     Checking h2 v0.2.7
[INFO] [stderr]     Checking rand_isaac v0.1.1
[INFO] [stderr]     Checking rand_hc v0.1.0
[INFO] [stderr]     Checking rand_xorshift v0.1.1
[INFO] [stderr]     Checking bytestring v1.3.0
[INFO] [stderr]     Checking idna v0.1.5
[INFO] [stderr]     Checking time v0.1.45
[INFO] [stderr]     Checking rand_os v0.1.3
[INFO] [stderr]     Checking rand_jitter v0.1.4
[INFO] [stderr]     Checking log v0.3.9
[INFO] [stderr]     Checking buf-min v0.4.0
[INFO] [stderr]    Compiling num-traits v0.2.15
[INFO] [stderr]     Checking percent-encoding v1.0.1
[INFO] [stderr]     Checking safemem v0.3.3
[INFO] [stderr]     Checking fake-simd v0.1.2
[INFO] [stderr]     Checking opaque-debug v0.2.3
[INFO] [stderr]    Compiling v_htmlescape v0.12.0
[INFO] [stderr]     Checking sha-1 v0.8.2
[INFO] [stderr]     Checking url v1.7.2
[INFO] [stderr]     Checking trust-dns-resolver v0.19.7
[INFO] [stderr]     Checking tokio-tls v0.2.1
[INFO] [stderr]     Checking base64 v0.9.3
[INFO] [stderr]     Checking mime v0.2.6
[INFO] [stderr]     Checking tokio-tcp v0.1.4
[INFO] [stderr]    Compiling actix-web-codegen v0.4.0
[INFO] [stderr]     Checking tokio-codec v0.1.2
[INFO] [stderr]     Checking base64 v0.10.1
[INFO] [stderr]     Checking os_str_bytes v6.5.0
[INFO] [stderr]     Checking actix-threadpool v0.3.3
[INFO] [stderr]     Checking traitobject v0.1.0
[INFO] [stderr]     Checking typeable v0.1.2
[INFO] [stderr]     Checking clap_lex v0.2.4
[INFO] [stderr]     Checking hyper v0.10.16
[INFO] [stderr]     Checking actix-rt v1.1.1
[INFO] [stderr]     Checking actix-utils v2.0.0
[INFO] [stderr]     Checking websocket-base v0.26.5
[INFO] [stderr]     Checking atty v0.2.14
[INFO] [stderr]     Checking iana-time-zone v0.1.56
[INFO] [stderr]     Checking textwrap v0.16.0
[INFO] [stderr]     Checking actix-connect v2.0.0
[INFO] [stderr]     Checking actix-server v1.0.4
[INFO] [stderr]     Checking actix-tls v2.0.0
[INFO] [stderr]     Checking termcolor v1.2.0
[INFO] [stderr]     Checking string-builder v0.2.0
[INFO] [stderr]     Checking clap v3.2.25
[INFO] [stderr]     Checking actix-testing v1.0.1
[INFO] [stderr]     Checking chrono v0.4.26
[INFO] [stderr]     Checking websocket v0.26.5
[INFO] [stderr]     Checking serde_urlencoded v0.7.1
[INFO] [stderr]     Checking actix-router v0.2.7
[INFO] [stderr]     Checking actix-http v2.2.2
[INFO] [stderr]     Checking awc v2.0.3
[INFO] [stderr]     Checking actix-web v3.3.3
[INFO] [stderr]     Checking actix-files v0.5.0
[INFO] [stderr]     Checking playground v0.1.0 (/opt/rustwide/workdir)
[INFO] [stdout] error[E0432]: unresolved import `clap::Clap`
[INFO] [stdout]  --> src/main.rs:9:5
[INFO] [stdout]   |
[INFO] [stdout] 9 | use clap::Clap;
[INFO] [stdout]   |     ^^^^^^^^^^ no `Clap` in the root
[INFO] [stdout] 
[INFO] [stdout] 
[INFO] [stdout] error[E0432]: unresolved import `clap::Clap`
[INFO] [stdout]  --> src/main.rs:9:5
[INFO] [stdout]   |
[INFO] [stdout] 9 | use clap::Clap;
[INFO] [stdout]   |     ^^^^^^^^^^ no `Clap` in the root
[INFO] [stdout] 
[INFO] [stdout] 
[INFO] [stdout] error: cannot determine resolution for the derive macro `Clap`
[INFO] [stdout]    --> src/main.rs:117:10
[INFO] [stdout]     |
[INFO] [stdout] 117 | #[derive(Clap)]
[INFO] [stdout]     |          ^^^^
[INFO] [stdout]     |
[INFO] [stdout]     = note: import resolution is stuck, try simplifying macro imports
[INFO] [stdout] 
[INFO] [stdout] 
[INFO] [stdout] error: cannot determine resolution for the derive macro `Clap`
[INFO] [stdout]    --> src/main.rs:117:10
[INFO] [stdout]     |
[INFO] [stdout] 117 | #[derive(Clap)]
[INFO] [stdout]     |          ^^^^
[INFO] [stdout]     |
[INFO] [stdout]     = note: import resolution is stuck, try simplifying macro imports
[INFO] [stdout] 
[INFO] [stdout] 
[INFO] [stdout] error: cannot find attribute `clap` in this scope
[INFO] [stdout]    --> src/main.rs:118:3
[INFO] [stdout]     |
[INFO] [stdout] 118 | #[clap(version = "0.1", author = "Volksfest")]
[INFO] [stdout]     |   ^^^^
[INFO] [stdout]     |
[INFO] [stdout]     = note: `clap` is in scope, but it is a crate, not an attribute
[INFO] [stdout] 
[INFO] [stdout] 
[INFO] [stdout] error: cannot find attribute `clap` in this scope
[INFO] [stdout]    --> src/main.rs:118:3
[INFO] [stdout]     |
[INFO] [stdout] 118 | #[clap(version = "0.1", author = "Volksfest")]
[INFO] [stdout]     |   ^^^^
[INFO] [stdout]     |
[INFO] [stdout]     = note: `clap` is in scope, but it is a crate, not an attribute
[INFO] [stdout] 
[INFO] [stdout] 
[INFO] [stdout] error: cannot find attribute `clap` in this scope
[INFO] [stdout]    --> src/main.rs:120:7
[INFO] [stdout]     |
[INFO] [stdout] 120 |     #[clap()]
[INFO] [stdout]     |       ^^^^
[INFO] [stdout]     |
[INFO] [stdout]     = note: `clap` is in scope, but it is a crate, not an attribute
[INFO] [stdout] 
[INFO] [stdout] 
[INFO] [stdout] error: cannot find attribute `clap` in this scope
[INFO] [stdout]    --> src/main.rs:120:7
[INFO] [stdout]     |
[INFO] [stdout] 120 |     #[clap()]
[INFO] [stdout]     |       ^^^^
[INFO] [stdout]     |
[INFO] [stdout]     = note: `clap` is in scope, but it is a crate, not an attribute
[INFO] [stdout] 
[INFO] [stdout] 
[INFO] [stdout] error: cannot find attribute `clap` in this scope
[INFO] [stdout]    --> src/main.rs:122:7
[INFO] [stdout]     |
[INFO] [stdout] 122 |     #[clap(long)]
[INFO] [stdout]     |       ^^^^
[INFO] [stdout]     |
[INFO] [stdout]     = note: `clap` is in scope, but it is a crate, not an attribute
[INFO] [stdout] 
[INFO] [stdout] 
[INFO] [stdout] error: cannot find attribute `clap` in this scope
[INFO] [stdout]    --> src/main.rs:122:7
[INFO] [stdout]     |
[INFO] [stdout] 122 |     #[clap(long)]
[INFO] [stdout]     |       ^^^^
[INFO] [stdout]     |
[INFO] [stdout]     = note: `clap` is in scope, but it is a crate, not an attribute
[INFO] [stdout] 
[INFO] [stdout] 
[INFO] [stdout] error: cannot find attribute `clap` in this scope
[INFO] [stdout]    --> src/main.rs:124:7
[INFO] [stdout]     |
[INFO] [stdout] 124 |     #[clap(long)]
[INFO] [stdout]     |       ^^^^
[INFO] [stdout]     |
[INFO] [stdout]     = note: `clap` is in scope, but it is a crate, not an attribute
[INFO] [stdout] 
[INFO] [stdout] 
[INFO] [stdout] error: cannot find attribute `clap` in this scope
[INFO] [stdout]    --> src/main.rs:124:7
[INFO] [stdout]     |
[INFO] [stdout] 124 |     #[clap(long)]
[INFO] [stdout]     |       ^^^^
[INFO] [stdout]     |
[INFO] [stdout]     = note: `clap` is in scope, but it is a crate, not an attribute
[INFO] [stdout] 
[INFO] [stdout] 
[INFO] [stdout] error: cannot find attribute `clap` in this scope
[INFO] [stdout]    --> src/main.rs:126:7
[INFO] [stdout]     |
[INFO] [stdout] 126 |     #[clap(long, default_value = "127.0.0.1:8080")]
[INFO] [stdout]     |       ^^^^
[INFO] [stdout]     |
[INFO] [stdout]     = note: `clap` is in scope, but it is a crate, not an attribute
[INFO] [stdout] 
[INFO] [stdout] 
[INFO] [stdout] error: cannot find attribute `clap` in this scope
[INFO] [stdout]    --> src/main.rs:126:7
[INFO] [stdout]     |
[INFO] [stdout] 126 |     #[clap(long, default_value = "127.0.0.1:8080")]
[INFO] [stdout]     |       ^^^^
[INFO] [stdout]     |
[INFO] [stdout]     = note: `clap` is in scope, but it is a crate, not an attribute
[INFO] [stdout] 
[INFO] [stdout] 
[INFO] [stdout] warning: unused import: `LeagueCommand`
[INFO] [stdout]  --> src/league/league.rs:7:56
[INFO] [stdout]   |
[INFO] [stdout] 7 | use crate::com::command::{AddGameArgs, RemoveGameArgs, LeagueCommand};
[INFO] [stdout]   |                                                        ^^^^^^^^^^^^^
[INFO] [stdout]   |
[INFO] [stdout]   = note: `#[warn(unused_imports)]` on by default
[INFO] [stdout] 
[INFO] [stdout] 
[INFO] [stdout] warning: unused import: `LeagueCommand`
[INFO] [stdout]  --> src/league/league.rs:7:56
[INFO] [stdout]   |
[INFO] [stdout] 7 | use crate::com::command::{AddGameArgs, RemoveGameArgs, LeagueCommand};
[INFO] [stdout]   |                                                        ^^^^^^^^^^^^^
[INFO] [stdout]   |
[INFO] [stdout]   = note: `#[warn(unused_imports)]` on by default
[INFO] [stdout] 
[INFO] [stdout] 
[INFO] [stdout] warning: use of deprecated associated function `chrono::Local::today`: use `Local::now()` instead
[INFO] [stdout]   --> src/com/generator.rs:81:30
[INFO] [stdout]    |
[INFO] [stdout] 81 |     let todays_week = Local::today().naive_local().iso_week().week();
[INFO] [stdout]    |                              ^^^^^
[INFO] [stdout]    |
[INFO] [stdout]    = note: `#[warn(deprecated)]` on by default
[INFO] [stdout] 
[INFO] [stdout] 
[INFO] [stdout] warning: use of deprecated associated function `chrono::Local::today`: use `Local::now()` instead
[INFO] [stdout]   --> src/com/generator.rs:81:30
[INFO] [stdout]    |
[INFO] [stdout] 81 |     let todays_week = Local::today().naive_local().iso_week().week();
[INFO] [stdout]    |                              ^^^^^
[INFO] [stdout]    |
[INFO] [stdout]    = note: `#[warn(deprecated)]` on by default
[INFO] [stdout] 
[INFO] [stdout] 
[INFO] [stdout] warning: use of deprecated associated function `chrono::NaiveDate::from_isoywd`: use `from_isoywd_opt()` instead
[INFO] [stdout]   --> src/com/generator.rs:85:37
[INFO] [stdout]    |
[INFO] [stdout] 85 |         let begin_date = NaiveDate::from_isoywd(Local::today().year(), league.start_week + w as u32, Weekday::Mon);
[INFO] [stdout]    |                                     ^^^^^^^^^^^
[INFO] [stdout] 
[INFO] [stdout] 
[INFO] [stdout] warning: use of deprecated associated function `chrono::Local::today`: use `Local::now()` instead
[INFO] [stdout]   --> src/com/generator.rs:85:56
[INFO] [stdout]    |
[INFO] [stdout] 85 |         let begin_date = NaiveDate::from_isoywd(Local::today().year(), league.start_week + w as u32, Weekday::Mon);
[INFO] [stdout]    |                                                        ^^^^^
[INFO] [stdout] 
[INFO] [stdout] 
[INFO] [stdout] warning: use of deprecated associated function `chrono::NaiveDate::from_isoywd`: use `from_isoywd_opt()` instead
[INFO] [stdout]   --> src/com/generator.rs:85:37
[INFO] [stdout]    |
[INFO] [stdout] 85 |         let begin_date = NaiveDate::from_isoywd(Local::today().year(), league.start_week + w as u32, Weekday::Mon);
[INFO] [stdout]    |                                     ^^^^^^^^^^^
[INFO] [stdout] 
[INFO] [stdout] 
[INFO] [stdout] warning: use of deprecated associated function `chrono::Local::today`: use `Local::now()` instead
[INFO] [stdout]   --> src/com/generator.rs:85:56
[INFO] [stdout]    |
[INFO] [stdout] 85 |         let begin_date = NaiveDate::from_isoywd(Local::today().year(), league.start_week + w as u32, Weekday::Mon);
[INFO] [stdout]    |                                                        ^^^^^
[INFO] [stdout] 
[INFO] [stdout] 
[INFO] [stdout] warning: use of deprecated associated function `chrono::NaiveDate::from_isoywd`: use `from_isoywd_opt()` instead
[INFO] [stdout]   --> src/com/generator.rs:86:35
[INFO] [stdout]    |
[INFO] [stdout] 86 |         let end_date = NaiveDate::from_isoywd(Local::today().year(), league.start_week + w as u32, Weekday::Sun);
[INFO] [stdout]    |                                   ^^^^^^^^^^^
[INFO] [stdout] 
[INFO] [stdout] 
[INFO] [stdout] warning: use of deprecated associated function `chrono::Local::today`: use `Local::now()` instead
[INFO] [stdout]   --> src/com/generator.rs:86:54
[INFO] [stdout]    |
[INFO] [stdout] 86 |         let end_date = NaiveDate::from_isoywd(Local::today().year(), league.start_week + w as u32, Weekday::Sun);
[INFO] [stdout]    |                                                      ^^^^^
[INFO] [stdout] 
[INFO] [stdout] 
[INFO] [stdout] warning: use of deprecated associated function `chrono::NaiveDate::from_isoywd`: use `from_isoywd_opt()` instead
[INFO] [stdout]   --> src/com/generator.rs:86:35
[INFO] [stdout]    |
[INFO] [stdout] 86 |         let end_date = NaiveDate::from_isoywd(Local::today().year(), league.start_week + w as u32, Weekday::Sun);
[INFO] [stdout]    |                                   ^^^^^^^^^^^
[INFO] [stdout] 
[INFO] [stdout] 
[INFO] [stdout] warning: use of deprecated associated function `chrono::Local::today`: use `Local::now()` instead
[INFO] [stdout]   --> src/com/generator.rs:86:54
[INFO] [stdout]    |
[INFO] [stdout] 86 |         let end_date = NaiveDate::from_isoywd(Local::today().year(), league.start_week + w as u32, Weekday::Sun);
[INFO] [stdout]    |                                                      ^^^^^
[INFO] [stdout] 
[INFO] [stdout] 
[INFO] [stdout] error[E0599]: no function or associated item named `parse` found for struct `Opts` in the current scope
[INFO] [stdout]    --> src/main.rs:142:28
[INFO] [stdout]     |
[INFO] [stdout] 119 | struct Opts{
[INFO] [stdout]     | ----------- function or associated item `parse` not found for this struct
[INFO] [stdout] ...
[INFO] [stdout] 142 |     let opts: Opts = Opts::parse();
[INFO] [stdout]     |                            ^^^^^ function or associated item not found in `Opts`
[INFO] [stdout]     |
[INFO] [stdout]     = help: items from traits can only be used if the trait is implemented and in scope
[INFO] [stdout]     = note: the following traits define an item `parse`, perhaps you need to implement one of them:
[INFO] [stdout]             candidate #1: `actix_web::http::header::Header`
[INFO] [stdout]             candidate #2: `time::private::Parsable`
[INFO] [stdout]             candidate #3: `Parser`
[INFO] [stdout]             candidate #4: `TypedValueParser`
[INFO] [stdout] 
[INFO] [stdout] 
[INFO] [stdout] error[E0599]: no function or associated item named `parse` found for struct `Opts` in the current scope
[INFO] [stdout]    --> src/main.rs:142:28
[INFO] [stdout]     |
[INFO] [stdout] 119 | struct Opts{
[INFO] [stdout]     | ----------- function or associated item `parse` not found for this struct
[INFO] [stdout] ...
[INFO] [stdout] 142 |     let opts: Opts = Opts::parse();
[INFO] [stdout]     |                            ^^^^^ function or associated item not found in `Opts`
[INFO] [stdout]     |
[INFO] [stdout]     = help: items from traits can only be used if the trait is implemented and in scope
[INFO] [stdout]     = note: the following traits define an item `parse`, perhaps you need to implement one of them:
[INFO] [stdout]             candidate #1: `actix_web::http::header::Header`
[INFO] [stdout]             candidate #2: `time::private::Parsable`
[INFO] [stdout]             candidate #3: `Parser`
[INFO] [stdout]             candidate #4: `TypedValueParser`
[INFO] [stdout] 
[INFO] [stdout] 
[INFO] [stdout] warning: use of deprecated associated function `chrono::Local::today`: use `Local::now()` instead
[INFO] [stdout]    --> src/main.rs:165:28
[INFO] [stdout]     |
[INFO] [stdout] 165 |                     Local::today().naive_local().iso_week().week());
[INFO] [stdout]     |                            ^^^^^
[INFO] [stdout] 
[INFO] [stdout] 
[INFO] [stdout] warning: use of deprecated associated function `chrono::Local::today`: use `Local::now()` instead
[INFO] [stdout]    --> src/main.rs:165:28
[INFO] [stdout]     |
[INFO] [stdout] 165 |                     Local::today().naive_local().iso_week().week());
[INFO] [stdout]     |                            ^^^^^
[INFO] [stdout] 
[INFO] [stdout] 
[INFO] [stdout] error: aborting due to 8 previous errors; 7 warnings emitted
[INFO] [stdout] 
[INFO] [stdout] 
[INFO] [stdout] error: aborting due to 8 previous errors; 7 warnings emitted
[INFO] [stdout] 
[INFO] [stdout] 
[INFO] [stdout] Some errors have detailed explanations: E0432, E0599.
[INFO] [stdout] 
[INFO] [stdout] Some errors have detailed explanations: E0432, E0599.
[INFO] [stdout] 
[INFO] [stdout] For more information about an error, try `rustc --explain E0432`.
[INFO] [stdout] 
[INFO] [stdout] For more information about an error, try `rustc --explain E0432`.
[INFO] [stdout] 
[INFO] [stderr] error: could not compile `playground` (bin "playground" test) due to 9 previous errors; 7 warnings emitted
[INFO] [stderr] warning: build failed, waiting for other jobs to finish...
[INFO] [stderr] error: could not compile `playground` (bin "playground") due to 9 previous errors; 7 warnings emitted
[INFO] running `Command { std: "docker" "inspect" "469d6fa5bffdc17d433e57c0821ec213fa9f23f5843097b3c53d2bf551739e95", kill_on_drop: false }`
[INFO] running `Command { std: "docker" "rm" "-f" "469d6fa5bffdc17d433e57c0821ec213fa9f23f5843097b3c53d2bf551739e95", kill_on_drop: false }`
[INFO] [stdout] 469d6fa5bffdc17d433e57c0821ec213fa9f23f5843097b3c53d2bf551739e95
